Is 1847 a composite number?
False
Is 59889 a composite number?
True
Is 28691 prime?
False
Is 124861 prime?
False
Is 126067 a composite number?
False
Is 187121 a composite number?
True
Is 178483 prime?
False
Is 22613 prime?
True
Is 1197451 a prime number?
True
Is 39499 composite?
False
Is 49355 prime?
False
Is 19553 a prime number?
True
Is 117341 a prime number?
False
Is 522047 a composite number?
False
Is 119213 prime?
False
Is 389651 composite?
False
Is 1561883 prime?
True
Is 67211 prime?
True
Is 279781 a prime number?
False
Is 18661 composite?
False
Is 1111 prime?
False
Is 51533 composite?
True
Is 177409 composite?
False
Is 1402957 composite?
False
Is 665659 prime?
True
Is 284779 composite?
True
Is 5969 a composite number?
True
Is 6689 composite?
False
Is 64399 composite?
False
Is 1501777 a prime number?
True
Is 6637 a composite number?
False
Is 2138789 composite?
False
Is 138053 prime?
True
Is 36187 composite?
False
Is 86677 a prime number?
True
Is 1960163 composite?
False
Is 292033 composite?
True
Is 89431 composite?
False
Is 29833 a prime number?
True
Is 3793 a composite number?
False
Is 254141 composite?
False
Is 2669 composite?
True
Is 18059 a prime number?
True
Is 86794 a composite number?
True
Is 246746 prime?
False
Is 2455787 a composite number?
True
Is 339914 prime?
False
Is 39583 composite?
True
Is 3313 prime?
True
Is 689341 prime?
True
Is 535583 composite?
True
Is 41717 composite?
True
Is 86627 a composite number?
False
Is 11777 composite?
False
Is 9543 prime?
False
Is 88459 a prime number?
False
Is 231409 prime?
True
Is 3831 composite?
True
Is 6971 a prime number?
True
Is 896417 composite?
False
Is 2174 composite?
True
Is 30367 a composite number?
False
Is 184409 composite?
False
Is 93229 a composite number?
False
Is 256541 a composite number?
False
Is 55285 composite?
True
Is 41889 composite?
True
Is 38579 prime?
False
Is 6761 prime?
True
Is 25913 prime?
True
Is 52031 a composite number?
True
Is 3433435 prime?
False
Is 3989 composite?
False
Is 68217 composite?
True
Is 15503 composite?
True
Is 417691 a prime number?
True
Is 18973 composite?
False
Is 1433651 a composite number?
True
Is 35521 prime?
True
Is 10399 a composite number?
False
Is 145013 prime?
False
Is 198709 a composite number?
True
Is 538953 a prime number?
False
Is 24347 a prime number?
False
Is 690503 prime?
False
Is 123643 a composite number?
True
Is 84787 a composite number?
False
Is 28771 prime?
True
Is 294243 a composite number?
True
Is 233383 a composite number?
True
Is 4969 composite?
False
Is 1057507 a prime number?
False
Is 659522 a composite number?
True
Is 2296571 a prime number?
True
Is 61391 a composite number?
True
Is 773803 prime?
True
Is 136087 prime?
False
Is 890005 prime?
False
Is 451961 a prime number?
True
Is 165809 a prime number?
False
Is 347227 a prime number?
True
Is 1706 composite?
True
Is 2518 composite?
True
Is 29567 a prime number?
True
Is 18137 a prime number?
False
Is 223157 composite?
True
Is 1861 prime?
True
Is 19297 composite?
True
Is 189997 composite?
False
Is 128701 composite?
True
Is 129229 composite?
False
Is 392713 prime?
False
Is 42103 composite?
True
Is 194309 a composite number?
False
Is 119545 composite?
True
Is 1241159 a composite number?
False
Is 424451 a prime number?
True
Is 28961 composite?
False
Is 52549 composite?
True
Is 2813573 a composite number?
True
Is 1277849 prime?
True
Is 422621 composite?
False
Is 14867 composite?
False
Is 567061 prime?
False
Is 32063 a composite number?
False
Is 5557 composite?
False
Is 18965 a prime number?
False
Is 33721 composite?
False
Is 53077 a prime number?
True
Is 3694 composite?
True
Is 22417 a composite number?
True
Is 887333 a prime number?
True
Is 374201 a prime number?
False
Is 81839 a composite number?
False
Is 2676311 a prime number?
False
Is 6805 a composite number?
True
Is 50647 a prime number?
True
Is 104735 a prime number?
False
Is 125401 composite?
True
Is 689 a prime number?
False
Is 293113 composite?
True
Is 9961 a prime number?
False
Is 4189 composite?
True
Is 8817 a composite number?
True
Is 96073 prime?
False
Is 12443 a composite number?
True
Is 90445 a prime number?
False
Is 6469 a composite number?
False
Is 93 prime?
False
Is 30803 a prime number?
True
Is 310997 a prime number?
True
Is 9407 a prime number?
False
Is 3118789 a prime number?
True
Is 1970495 a composite number?
True
Is 27205 a prime number?
False
Is 5981 prime?
True
Is 32689 prime?
False
Is 259 a prime number?
False
Is 163601 a prime number?
True
Is 3722 prime?
False
Is 132589 a composite number?
False
Is 62459 prime?
True
Is 388099 a composite number?
False
Is 227789 a prime number?
True
Is 89729 composite?
True
Is 9763 a prime number?
False
Is 19913 a composite number?
False
Is 33997 prime?
True
Is 93649 prime?
False
Is 104243 a composite number?
False
Is 619555 prime?
False
Is 263973 a prime number?
False
Is 389 composite?
False
Is 7631 a prime number?
False
Is 5541 a composite number?
True
Is 1759906 prime?
False
Is 1378619 composite?
True
Is 22961 a prime number?
True
Is 1395059 a composite number?
False
Is 4739 prime?
False
Is 32321 a prime number?
True
Is 132103 prime?
True
Is 1017307 a prime number?
True
Is 84262 a composite number?
True
Is 3427 a prime number?
False
Is 232543 a prime number?
False
Is 10973 prime?
True
Is 12941 a prime number?
True
Is 279511 composite?
False
Is 918733 a composite number?
False
Is 16411 a composite number?
False
Is 359087 a composite number?
True
Is 299447 a composite number?
False
Is 279001 prime?
True
Is 2417377 a composite number?
False
Is 19 a composite number?
False
Is 87733 a composite number?
True
Is 59509 a composite number?
False
Is 491267 a prime number?
False
Is 467957 a prime number?
False
Is 17723 prime?
False
Is 155521 composite?
False
Is 142771 a composite number?
False
Is 573907 a composite number?
True
Is 64957 composite?
True
Is 13613 a composite number?
False
Is 272959 composite?
False
Is 9913 composite?
True
Is 15173 a prime number?
True
Is 627635 a prime number?
False
Is 124037 a composite number?
True
Is 420445 prime?
False
Is 1361 prime?
True
Is 10895 a prime number?
False
Is 1191539 prime?
True
Is 691 prime?
True
Is 67057 composite?
False
Is 301585 a prime number?
False
Is 25013 a composite number?
False
Is 17399 prime?
False
Is 7717 a prime number?
True
Is 27601 a composite number?
True
Is 37321 prime?
True
Is 73418 composite?
True
Is 127447 composite?
False
Is 13271 a composite number?
True
Is 21178 composite?
True
Is 8923 prime?
True
Is 7753 prime?
True
Is 1123181 prime?
True
Is 3019 composite?
False
Is 29077 prime?
True
Is 282643 composite?
True
Is 3659 prime?
True
Is 5939 a composite number?
False
Is 1261 a composite number?
True
Is 90353 a prime number?
True
Is 919891 prime?
False
Is 498749 a prime number?
True
Is 1781 prime?
False
Is 47563 a composite number?
False
Is 449797 a prime number?
True
Is 202661 a prime number?
True
Is 252583 a prime number?
True
Is 242729 composite?
False
Is 15191 prime?
False
Is 62821 a composite number?
True
Is 254593 a composite number?
False
Is 2459 prime?
True
Is 1483057 composite?
True
Is 15581 a prime number?
True
Is 973589 a composite number?
True
Is 9347 composite?
True
Is 353327 composite?
True
Is 1447661 a composite number?
False
Is 1265063 a prime number?
True
Is 32831 a prime number?
True
Is 16411 a prime number?
True
Is 1120849 a composite number?
False
Is 333473 composite?
True
Is 4751 composite?
False
Is 240853 a prime number?
True
Is 379489 a composite number?
True
Is 55741 prime?
False
Is 23917 a prime number?
True
Is 4583 a prime number?
True
Is 3109 a composite number?
False
Is 72337 prime?
True
Is 4835 a prime number?
False
Is 541181 composite?
False
Is 53111 a composite number?
True
Is 456655 prime?
False
Is 2413 a prime number?
False
Is 173929 composite?
True
Is 131039 a composite number?
True
Is 751277 composite?
False
Is 4911 a prime number?
False
Is 85873 a prime number?
False
Is 3953 a composite number?
True
Is 29229 a prime number?
False
Is 30931 composite?
False
Is 212003 a composite number?
True
Is 961601 a prime number?
True
Is 1531 a prime number?
True
Is 11459 prime?
False
Is 417319 composite?
True
Is 7348901 composite?
True
Is 11903 a composite number?
False
Is 25408